{"id":214,"date":"2024-09-03T23:03:50","date_gmt":"2024-09-03T21:03:50","guid":{"rendered":"https:\/\/leclosdesaulnes.com\/index.php\/cancel-appointment\/"},"modified":"-0001-11-30T00:00:00","modified_gmt":"-0001-11-29T22:00:00","slug":"cancel-appointment","status":"publish","type":"page","link":"https:\/\/leclosdesaulnes.com\/index.php\/cancel-appointment\/","title":{"rendered":"Rendez-vous annul\u00e9"},"content":{"rendered":"\n<div class=\"bpa-front-cancel-module-container\">\n<div class=\"bpa-front-cmc__title\">D\u00e9sol\u00e9 d\u2019apprendre que vous avez demand\u00e9 l\u2019annulation du rendez-vous.<\/div>\n<div class=\"bpa-front-cmc__desc\">Nous avons envoy\u00e9 une notification par e-mail pour annuler un rendez-vous. Veuillez cliquer sur le bouton pour annuler le rendez-vous.<\/div>\n<\/p><\/div>\n","protected":false},"excerpt":{"rendered":"<p>D\u00e9sol\u00e9 d\u2019apprendre que vous avez demand\u00e9 l\u2019annulation du rendez-vous. Nous avons envoy\u00e9 une notification par e-mail pour annuler un rendez-vous. Veuillez cliquer sur le bouton pour annuler le rendez-vous.<\/p>\n","protected":false},"author":1,"featured_media":0,"parent":0,"menu_order":0,"comment_status":"open","ping_status":"open","template":"","meta":{"_et_pb_use_builder":"","_et_pb_old_content":"","_et_gb_content_width":"","footnotes":""},"class_list":["post-214","page","type-page","status-publish","hentry"],"yoast_head":"<!-- This site is optimized with the Yoast SEO plugin v25.1 - https:\/\/yoast.com\/wordpress\/plugins\/seo\/ -->\n<title>Rendez-vous annul\u00e9 - Le Clos des Aulnes<\/title>\n<meta name=\"robots\" content=\"index, follow, max-snippet:-1, max-image-preview:large, max-video-preview:-1\" \/>\n<link rel=\"canonical\" href=\"https:\/\/leclosdesaulnes.com\/index.php\/cancel-appointment\/\" \/>\n<meta property=\"og:locale\" content=\"en_US\" \/>\n<meta property=\"og:type\" content=\"article\" \/>\n<meta property=\"og:title\" content=\"Rendez-vous annul\u00e9 - Le Clos des Aulnes\" \/>\n<meta property=\"og:description\" content=\"D\u00e9sol\u00e9 d\u2019apprendre que vous avez demand\u00e9 l\u2019annulation du rendez-vous. Nous avons envoy\u00e9 une notification par e-mail pour annuler un rendez-vous. Veuillez cliquer sur le bouton pour annuler le rendez-vous.\" \/>\n<meta property=\"og:url\" content=\"https:\/\/leclosdesaulnes.com\/index.php\/cancel-appointment\/\" \/>\n<meta property=\"og:site_name\" content=\"Le Clos des Aulnes\" \/>\n<meta name=\"twitter:card\" content=\"summary_large_image\" \/>\n<script type=\"application\/ld+json\" class=\"yoast-schema-graph\">{\"@context\":\"https:\/\/schema.org\",\"@graph\":[{\"@type\":\"WebPage\",\"@id\":\"https:\/\/leclosdesaulnes.com\/index.php\/cancel-appointment\/\",\"url\":\"https:\/\/leclosdesaulnes.com\/index.php\/cancel-appointment\/\",\"name\":\"Rendez-vous annul\u00e9 - Le Clos des Aulnes\",\"isPartOf\":{\"@id\":\"https:\/\/leclosdesaulnes.com\/#website\"},\"datePublished\":\"2024-09-03T21:03:50+00:00\",\"breadcrumb\":{\"@id\":\"https:\/\/leclosdesaulnes.com\/index.php\/cancel-appointment\/#breadcrumb\"},\"inLanguage\":\"en-US\",\"potentialAction\":[{\"@type\":\"ReadAction\",\"target\":[\"https:\/\/leclosdesaulnes.com\/index.php\/cancel-appointment\/\"]}]},{\"@type\":\"BreadcrumbList\",\"@id\":\"https:\/\/leclosdesaulnes.com\/index.php\/cancel-appointment\/#breadcrumb\",\"itemListElement\":[{\"@type\":\"ListItem\",\"position\":1,\"name\":\"Accueil\",\"item\":\"https:\/\/leclosdesaulnes.com\/\"},{\"@type\":\"ListItem\",\"position\":2,\"name\":\"Rendez-vous annul\u00e9\"}]},{\"@type\":\"WebSite\",\"@id\":\"https:\/\/leclosdesaulnes.com\/#website\",\"url\":\"https:\/\/leclosdesaulnes.com\/\",\"name\":\"Le Clos des Aulnes\",\"description\":\"G\u00eetes romantiques\",\"potentialAction\":[{\"@type\":\"SearchAction\",\"target\":{\"@type\":\"EntryPoint\",\"urlTemplate\":\"https:\/\/leclosdesaulnes.com\/?s={search_term_string}\"},\"query-input\":{\"@type\":\"PropertyValueSpecification\",\"valueRequired\":true,\"valueName\":\"search_term_string\"}}],\"inLanguage\":\"en-US\"}]}<\/script>\n<!-- \/ Yoast SEO plugin. -->","yoast_head_json":{"title":"Rendez-vous annul\u00e9 - Le Clos des Aulnes","robots":{"index":"index","follow":"follow","max-snippet":"max-snippet:-1","max-image-preview":"max-image-preview:large","max-video-preview":"max-video-preview:-1"},"canonical":"https:\/\/leclosdesaulnes.com\/index.php\/cancel-appointment\/","og_locale":"en_US","og_type":"article","og_title":"Rendez-vous annul\u00e9 - Le Clos des Aulnes","og_description":"D\u00e9sol\u00e9 d\u2019apprendre que vous avez demand\u00e9 l\u2019annulation du rendez-vous. Nous avons envoy\u00e9 une notification par e-mail pour annuler un rendez-vous. Veuillez cliquer sur le bouton pour annuler le rendez-vous.","og_url":"https:\/\/leclosdesaulnes.com\/index.php\/cancel-appointment\/","og_site_name":"Le Clos des Aulnes","twitter_card":"summary_large_image","schema":{"@context":"https:\/\/schema.org","@graph":[{"@type":"WebPage","@id":"https:\/\/leclosdesaulnes.com\/index.php\/cancel-appointment\/","url":"https:\/\/leclosdesaulnes.com\/index.php\/cancel-appointment\/","name":"Rendez-vous annul\u00e9 - Le Clos des Aulnes","isPartOf":{"@id":"https:\/\/leclosdesaulnes.com\/#website"},"datePublished":"2024-09-03T21:03:50+00:00","breadcrumb":{"@id":"https:\/\/leclosdesaulnes.com\/index.php\/cancel-appointment\/#breadcrumb"},"inLanguage":"en-US","potentialAction":[{"@type":"ReadAction","target":["https:\/\/leclosdesaulnes.com\/index.php\/cancel-appointment\/"]}]},{"@type":"BreadcrumbList","@id":"https:\/\/leclosdesaulnes.com\/index.php\/cancel-appointment\/#breadcrumb","itemListElement":[{"@type":"ListItem","position":1,"name":"Accueil","item":"https:\/\/leclosdesaulnes.com\/"},{"@type":"ListItem","position":2,"name":"Rendez-vous annul\u00e9"}]},{"@type":"WebSite","@id":"https:\/\/leclosdesaulnes.com\/#website","url":"https:\/\/leclosdesaulnes.com\/","name":"Le Clos des Aulnes","description":"G\u00eetes romantiques","potentialAction":[{"@type":"SearchAction","target":{"@type":"EntryPoint","urlTemplate":"https:\/\/leclosdesaulnes.com\/?s={search_term_string}"},"query-input":{"@type":"PropertyValueSpecification","valueRequired":true,"valueName":"search_term_string"}}],"inLanguage":"en-US"}]}},"_links":{"self":[{"href":"https:\/\/leclosdesaulnes.com\/index.php\/wp-json\/wp\/v2\/pages\/214","targetHints":{"allow":["GET"]}}],"collection":[{"href":"https:\/\/leclosdesaulnes.com\/index.php\/wp-json\/wp\/v2\/pages"}],"about":[{"href":"https:\/\/leclosdesaulnes.com\/index.php\/wp-json\/wp\/v2\/types\/page"}],"author":[{"embeddable":true,"href":"https:\/\/leclosdesaulnes.com\/index.php\/wp-json\/wp\/v2\/users\/1"}],"replies":[{"embeddable":true,"href":"https:\/\/leclosdesaulnes.com\/index.php\/wp-json\/wp\/v2\/comments?post=214"}],"version-history":[{"count":0,"href":"https:\/\/leclosdesaulnes.com\/index.php\/wp-json\/wp\/v2\/pages\/214\/revisions"}],"wp:attachment":[{"href":"https:\/\/leclosdesaulnes.com\/index.php\/wp-json\/wp\/v2\/media?parent=214"}],"curies":[{"name":"wp","href":"https:\/\/api.w.org\/{rel}","templated":true}]}}